j and p?
1
Let y be (-4)/14 - (-18)/63. Suppose -4*g = -8, -n - 3*g + 30 = -y*n. Calculate the highest common divisor of n and 24.
24
Let t = 32 + -13. Let a be (-6)/(-4) - 906/(-4). Suppose -4*r + r + a = 0. Calculate the greatest common factor of r and t.
19
Let h = -62 + 513. Calculate the highest common divisor of h and 41.
41
Let z be (-1 - -22) + -1 + -3 + -1. Calculate the highest common factor of 400 and z.
16
Suppose 5*d + l - 111 = 42, -41 = -d + 5*l. Calculate the greatest common divisor of 279 and d.
31
Suppose 180 = -16*r + 13*r. Let s be 18/5*r/(-36). What is the highest common divisor of s and 6?
6
Let w(n) = 733*n**3 + 2*n**2 - 2*n. Let t be w(1). Suppose -8*b + 1067 + t = 0. Let x = 48 + -23. What is the greatest common factor of x and b?
25
Suppose -6*u - 16 = 2*u. Let r be (u - 6/(-4))/((-7)/252). What is the highest common divisor of 45 and r?
9
Suppose 5*m + o - 8 = 2*o, -m - 5*o - 14 = 0. Let i = 18 - m. Suppose 2*u = u + 85. Calculate the highest common factor of u and i.
17
Let n = 126 - 120. What is the greatest common factor of 1 and n?
1
Let c(b) = -43*b + 25. Let z be c(-8). What is the greatest common factor of 41 and z?
41
Let m(c) = 20*c**2 + 9*c + 13. Let b be m(-5). Calculate the highest common factor of b and 104.
52
Suppose 0 = -7*i + 1136 - 597. Calculate the greatest common divisor of 203 and i.
7
Let r be ((-17)/(-2) - 13)/(6/(-160)). Calculate the highest common divisor of r and 24.
24
Let g(m) = -m**3 - 2*m**2 + 7*m + 6. Let h be g(-4). Suppose -h = -2*s - 50. Let j = -9 - s. What is the greatest common factor of j and 11?
11
Let s be ((-6)/(-4))/((-15)/(-130)). Suppose -23 = -3*p + s. Let o be ((-45)/6)/(-5)*80. Calculate the greatest common factor of o and p.
12
Let z = -24 + 7. Let m = 12 - z. Calculate the greatest common factor of m and 145.
29
Let k be 5 + (8/2)/(-2). Suppose -3*p + 15 = -2*z, -k*p + 23 = 4*z + 8. Suppose p + 9 = l. What is the greatest common divisor of l and 154?
14
Suppose -8*d + 15 = -5*d. Suppose d*m = -0*h + 3*h + 19, -4*m - 2*h + 24 = 0. Suppose -m*f = -f - 12. Calculate the highest common divisor of f and 27.
3
Let v be 3/(-12) + 994/8. Suppose 5*u - 95 = 3*g + 51, -u + 34 = g. Calculate the highest common divisor of u and v.
31
Suppose 0 = 53*i - 62*i + 2277. What is the greatest common divisor of 23 and i?
23
Suppose 17*i = 5*i + 108. Calculate the highest common divisor of 12 and i.
3
Let l be (-39)/(-1) + (-1)/(-1). Let b(w) = -w**3 + 13*w**2 + 4*w + 4. Let q be b(13). Let v = q - 48. What is the highest common divisor of v and l?
8
Let f(v) = v**2 + v + 12. Let m be f(0). Suppose 4*w - 2*u + 174 = 0, -2*u - 50 = w - 4. Let q be -1*11/(w/24)*5. What is the highest common factor of q and m?
6
Let r(j) = 3*j**2 + 5*j + 2. Let v be r(4). Suppose -189*y + 40 = -185*y. Calculate the greatest common factor of y and v.
10
Let p(d) = -11*d**3 + d**2 - 2*d + 1. Let r = -3 - -4. Let m be p(r). Let o = m + 21. Calculate the greatest common factor of 15 and o.
5
Let j = -288 - -290. What is the greatest common factor of 82 and j?
2
Let p be (-1)/(1*(-4)/60). Let l = p - 11. Suppose 3*t + x = l*x + 9, -3*t + 19 = -x. Calculate the greatest common factor of t and 88.
8
Let r = 274 + -256. What is the highest common divisor of r and 540?
18
Suppose -6*n - 6*n = -2484. Calculate the greatest common factor of 9 and n.
9
Suppose 4*o - t = 1379, 2*o - t = 3*t + 686. Calculate the greatest common factor of 138 and o.
69
Suppose 15 = -10*j + 95. Suppose -4*k + 475 = 123. Calculate the greatest common factor of k and j.
8
Let z(y) = y**2 - y - 130. Let k be z(14). What is the highest common factor of k and 416?
52
Let c be (-22)/(-10) - (-7)/(-35). Suppose 0 = 3*q - 5*h + 4, -5*h + 10 = q - 2. What is the greatest common divisor of c and q?
2
Let p = -427 - -1227. What is the greatest common divisor of 25 and p?
25
Let z = 1166 + -1140. Calculate the greatest common factor of 351 and z.
13
Let a = 743 + -709. Let f(m) = -m**3 - 4*m**2 + 2*m + 8. Let o be f(-6). Calculate the greatest common divisor of o and a.
34
Suppose -4*g = t - 441, 0 = 3*g + 260*t - 256*t - 334. What is the highest common factor of g and 90?
10
Let l = 3 + -3. Suppose l = a + 4*i - 36, 0*a - 3*i = -a + 1. Let q be 24/((-3 - -2)*-1). What is the greatest common divisor of q and a?
8
Suppose 20 = 3*p + p. Suppose 5*j = -p*g + 15, 4*j - 9 = -3*g + 8. Suppose 24 = 2*u - u. Calculate the greatest common divisor of u and j.
8
Let z be ((-80)/(-25))/((-3)/(-540)). What is the highest common divisor of z and 36?
36
Suppose 0 = 2*p - 7*p + 585. Suppose 89 = u - 160. Let h = u - p. What is the greatest common factor of h and 12?
12
Let h = 1 + -9. Let s be (-2)/17 + 6498/323. Let y = s + h. Calculate the highest common divisor of y and 12.
12
Let k = 29 - 25. Suppose 0 = k*h - 30 - 18. Calculate the greatest common factor of h and 36.
12
Let g be (6/(-5))/((-2)/10). Suppose -11*i + 6*i - 44 = -w, -4*i + 32 = 2*w. Calculate the highest common divisor of w and g.
6
Let x(y) = -2*y**3 + 4*y**2 + y - 7. Let j be x(3). Let o = j + 37. Suppose -187 + 7 = -4*n. What is the greatest common divisor of o and n?
15
Suppose -6*r = -5*r - 5. Suppose -43 = -r*c - 3. Let x = 43 + 29. What is the greatest common divisor of c and x?
8
Let n be (-174)/(-18) - -1 - (-1)/3. Let i = 377 + -256. Calculate the highest common factor of i and n.
11
Suppose -5 = x - 2, 3*x + 4 = -b. Suppose -s - 159 + 20 = -3*n, 5*n + b*s - 225 = 0. What is the greatest common divisor of 115 and n?
23
Let c = 2 - -2. Suppose -c*r + 65 = -55. Calculate the greatest common divisor of 30 and r.
30
Suppose -204*y - 2 = -205*y. Let q = 0 - -5. Suppose 1 + 4 = q*u. Calculate the highest common factor of u and y.
1
Let g be 90/(-4)*(68/(-10) - -6). Calculate the highest common factor of 558 and g.
18
Let d be 2/(22/387) - 10/55. What is the highest common factor of d and 7?
7
Let b(t) = 2*t**3 - t**2 - 4*t + 1. Let c be b(3). Suppose 20*m - 190 - 1510 = 0. Calculate the highest common factor of m and c.
17
Suppose 5*q - 35 = 100. Calculate the highest common divisor of 45 and q.
9
Suppose 0 = 5*w - 5*d - 55, -4*w - 3*d - 23 = -6*w. Suppose w*v - 30 = 8*v. Let p = -127 + 247. What is the greatest common divisor of p and v?
15
Let b be 4/(-10) - ((-5664)/(-20))/(-8). Calculate the highest common divisor of 140 and b.
35
Let h(f) = f**3 - 14*f**2 + 14*f - 18. Let m be h(13). Let b = 44 + m. Let g = 16 - 3. What is the highest common factor of b and g?
13
Suppose 0 = 5*j - 6 - 19. Suppose 350 = -0*s + j*s. Calculate the highest common factor of s and 10.
10
Let m(s) = -3*s**2 - 21*s - 17. Let n be m(-10). Let p = 203 + n. Calculate the greatest common divisor of p and 32.
32
Let c(x) = -x**2 + 25*x - 6. Let v(k) = k**3 + 14*k**2 + 11*k - 16. Let a be v(-13). Let o be c(a). Calculate the highest common divisor of 16 and o.
16
Let z(w) = w**2 - 10*w - 16. Let u be z(11). Let v be 225/10*(-8)/u. What is the highest common factor of v and 36?
36
Let t(g) = -g**3 + 9*g**2 + 7*g + 6. Let u be t(10). Let p = -22 - u. Let k(n) = 3*n - 2. Let r be k(p). What is the highest common divisor of 20 and r?
4
Suppose 9 = -5*z + 5*j - 1, 0 = -4*z + j + 4. Let p be (-10)/(0 + 3 - z). Let d be (12/p)/(3/(-10)). What is the highest common divisor of d and 32?
4
Suppose 3*z - 141 + 0 = 0. Suppose -z = -c - 13. Let h = -750 - -1056. What is the highest common divisor of c and h?
34
Let l be ((-349)/(-3) + -5)/((-3)/(-18)). What is the greatest common factor of l and 4?
4
Suppose 16 = 4*a - 20. Let b(q) = -q**2 - 20*q - 42. Let n be b(-17). What is the greatest common factor of n and a?
9
Suppose 0*a - 2*a = 0, 4*a - 35 = -5*j. Suppose 0*o = o - 14. What is the highest common factor of j and o?
7
Suppose 8 = 2*q - 5*f + 2*f, 2*q - 4*f = 8. Let z be (57/(-1) - 3)/((-6)/q). Calculate the highest common factor of 4 and z.
4
Let d(v) = -v + v**2 + 1 + 3 + 0*v. Let j be d(8). Let a(y) = -y**2 - 7*y + 42. Let u be a(-9). Calculate the highest common factor of u and j.
12
Let b be ((-10080)/(-384))/(1/4). Calculate the greatest common factor of 75 and b.
15
Let p(d) = -d**2 + 6*d + 90. Let f be p(0). What is the highest common factor of f and 36?
18
Let b(c) = 16*c**2 - 2*c. Let n be b(2). Let o be 36/15*n/